at is x(8)?
-28
Let g(s) = -s**3 - 7*s**2 - 2*s + 46. What is g(-5)?
6
Let u(c) = 13*c + 35. Calculate u(-7).
-56
Let r(v) = -v**3 - 11*v**2 + 11*v - 12. Calculate r(-12).
0
Let t(l) = -l**2 + 23*l + 17. Determine t(24).
-7
Let z(h) = -h**2 + 5*h + 11. What is z(8)?
-13
Let j(a) = a**3 + 6*a**2 - 2*a + 2. What is j(-3)?
35
Let t(k) = k**2 - 3*k - 4. Calculate t(9).
50
Let y(a) = 6*a - 7. Give y(2).
5
Let x(t) = t - 10. Determine x(11).
1
Let r(f) = -f**2 + 5*f - 5. Give r(6).
-11
Let g(p) = p**3 - 10*p**2 + 4. Give g(10).
4
Let w(k) = k**2 + 6*k + 15. Calculate w(-4).
7
Let q(a) = -3*a - 84. Give q(-14).
-42
Let j(d) = -d**3 + 3*d**2 - 2*d - 2. Give j(0).
-2
Let l(g) = -g**2 - 8*g - 15. Give l(-2).
-3
Let m(g) = g**2 + 9*g - 7. Give m(-8).
-15
Let f(l) = l**2 + l + 3. What is f(0)?
3
Let k(j) = -5*j - 12. Give k(4).
-32
Let x(z) = -24*z - 8. What is x(3)?
-80
Let s(c) = -8*c + 49. Give s(6).
1
Let c(z) = -z**3 + 8*z**2 + 7*z + 22. What is c(9)?
4
Let x(v) = v**3 + 7*v**2 + v + 4. Give x(-5).
49
Let r(o) = -42*o + 1. Determine r(-1).
43
Let s(g) = -20*g - 624. What is s(-31)?
-4
Let v(q) = q + 9. Calculate v(-9).
0
Let g(i) = 24*i + 628. Determine g(-26).
4
Let o(j) = j**3 + 4*j**2 + 8*j + 9. What is o(-2)?
1
Let n(a) = 2*a + 5. Calculate n(-5).
-5
Let a(i) = -6*i + 6. Determine a(4).
-18
Let p(y) = -2*y**2 - 50*y + 42. Calculate p(-26).
-10
Let z(a) = a - 4. What is z(4)?
0
Let z(a) = -2*a + 17. What is z(16)?
-15
Let w(l) = l**2 - 10*l - 35. Calculate w(12).
-11
Let s(f) = -f**2 + 4*f + 3. Give s(4).
3
Let y(m) = -m**3 + 7*m**2 + 6*m - 43. What is y(7)?
-1
Let k(g) = -2*g**2 + g + 17. Give k(6).
-49
Let x(n) = -n**3 - 6*n**2 + 3*n + 12. Calculate x(-4).
-32
Let j(l) = -5*l**2 - 1. Determine j(-2).
-21
Let b(a) = -a**2 + 15*a + 67. What is b(19)?
-9
Let j(u) = u**3 + 9*u**2 + 3*u + 1. What is j(-9)?
-26
Let o(k) = k - 16. Calculate o(-10).
-26
Let z(s) = -s**3 + 6*s**2 + 7. Determine z(5).
32
Let f(g) = -g**3 + 5*g**2 - 3*g - 11. Calculate f(4).
-7
Let p(v) = 37*v - 1. Calculate p(-1).
-38
Let b(v) = -v**3 - 39*v**2 - 3*v - 122. Determine b(-39).
-5
Let x(p) = 9*p - 1. What is x(3)?
26
Let i(h) = h**3 + 5*h**2 - 26*h - 1. Give i(3).
-7
Let r(i) = i**3 + 26*i**2 - 29*i - 66. Give r(-27).
-12
Let s(h) = -h**2 + 54*h - 2. Calculate s(0).
-2
Let p(o) = -35*o - 327. Determine p(-10).
23
Let y(c) = c**2 - 9*c + 14. Calculate y(2).
0
Let m(o) = -11*o - 397. Give m(-36).
-1
Let s(w) = -w**3 + w**2 + w - 6. Calculate s(5).
-101
Let b(l) = -8*l + 1. Determine b(2).
-15
Let p(g) = -g - 6. Give p(5).
-11
Let k(a) = -8*a**3 + a**2 + a + 1. What is k(-1)?
9
Let n(h) = 2*h**2 + 5*h. What is n(-4)?
12
Let w(a) = -a**3 - 5*a**2 + 3*a - 9. Calculate w(-7).
68
Let b(i) = 4*i - 21. Determine b(5).
-1
Let j(k) = k**3 - 15*k**2 + 11*k + 30. Give j(14).
-12
Let k(f) = f**3 + 4*f**2 + 3*f - 6. Give k(2).
24
Let s(f) = -3*f**2 + 26*f - 2. Give s(8).
14
Let y(z) = -152*z + 917. Determine y(6).
5
Let z(v) = v**3 + 18*v**2 + 18*v + 13. Give z(-17).
-4
Let l(w) = w**3 + 22*w**2 + 39*w - 14. Determine l(-20).
6
Let v(l) = l**2 - 9*l + 8. What is v(2)?
-6
Let q(u) = -u**2 + 13*u + 15. Calculate q(7).
57
Let g(l) = -l + 2. Give g(3).
-1
Let u(z) = 2*z**3 - 5*z**2 + z - 1. Give u(4).
51
Let b(t) = -10*t - 58. Calculate b(-5).
-8
Let u(c) = -c**3 - 10*c**2 - 3*c + 6. What is u(-9)?
-48
Let y(a) = a**2 + 7*a - 5. Calculate y(-7).
-5
Let t(k) = k**2 + 9*k - 1. Give t(3).
35
Let q(h) = h**3 - 7*h**2 + 2*h + 18. Determine q(3).
-12
Let o(m) = 3*m - 126. What is o(40)?
-6
Let g(k) = -k**2 + 2*k - 4. Determine g(5).
-19
Let s(q) = 9*q + 12. Determine s(-5).
-33
Let s(u) = 12*u - 2. Calculate s(3).
34
Let f(p) = -p**3 + 3*p**2 - p + 17. Give f(4).
-3
Let b(x) = x**3 + 4*x**2 - 5*x + 2. What is b(-7)?
-110
Let b(c) = -2*c**2 - 32*c + 3. What is b(-16)?
3
Let y(g) = -6*g + 119. Determine y(19).
5
Let i(d) = -6*d + 9. Determine i(3).
-9
Let f(a) = -a**3 - 4*a**2 - 4*a. What is f(-3)?
3
Let i(a) = -a**3 + 11*a**2 - 12*a - 5. What is i(10)?
-25
Let t(q) = -q**3 + 2*q**2 + 5*q - 4. Give t(4).
-16
Let b(k) = 2*k**2 + 54*k + 21. Give b(-27).
21
Let c(g) = g**2 + 5*g - 17. Determine c(-7).
-3
Let w(b) = -b**3 - 5*b**2 + 4. Determine w(-5).
4
Let r(d) = 7*d**2 + 2*d - 7. Calculate r(-3).
50
Let k(n) = -n**3 - 5*n**2 + 7*n + 8. Give k(-6).
2
Let v(s) = s**3 + 9*s**2 + 12*s - 10. Determine v(-7).
4
Let i(h) = h**2 - 8*h + 3. Give i(7).
-4
Let z(v) = -v - 10. Calculate z(-6).
-4
Let j(z) = -z**2 - 14*z - 18. Give j(8).
-194
Let b(q) = -2*q - 20. Give b(-6).
-8
Let z(h) = 2*h**2 - 13*h + 2. Calculate z(8).
26
Let a(q) = -29*q - 27. What is a(-3)?
60
Let j(m) = -m**3 - 3*m**2 - 5*m - 3. Give j(-2).
3
Let g(u) = -6*u - 38. Give g(-8).
10
Let k(g) = g**3 + 10*g**2 + 10*g + 11. Calculate k(-7).
88
Let r(b) = b**2 - 9*b - 13. Calculate r(10).
-3
Let c(v) = -22*v + 123. Give c(5).
13
Let n(m) = m**3 - 5*m**2 - 14*m + 5. Determine n(7).
5
Let b(o) = -29*o + 55. Calculate b(2).
-3
Let c(o) = o**2 + 11*o + 12. Give c(-7).
-16
Let j(y) = y**3 + 13*y**2 + 2. Determine j(-13).
2
Let j(y) = y**2 + 4*y. Determine j(-3).
-3
Let j(v) = v**3 + 2*v**2 - 7*v + 5. Calculate j(2).
7
Let s(y) = -7*y - 8. What is s(-4)?
20
Let v(q) = q**2 - 12*q + 20. Calculate v(8).
-12
Let z(c) = c**2 - 12*c - 10. Calculate z(11).
-21
Let v(x) = -x**3 - 27*x**2 - 33*x - 179. What is v(-26)?
3
Let h(b) = -15*b - 28. Determine h(0).
-28
Let t(q) = -50*q - 135. Determine t(-3).
15
Let w(k) = -4*k - 2. Calculate w(-6).
22
Let m(t) = -t**3 + 10*t**2 - 12. What is m(10)?
-12
Let f(z) = -z**3 - 6*z**2 + 4*z - 15. Give f(-7).
6
Let d(o) = 6*o**2 - 8*o + 20. Determine d(4).
84
Let o(g) = g**2 + 2*g - 9. Give o(6).
39
Let c(t) = -4*t. Determine c(2).
-8
Let z(b) = -2*b**2 + 18*b - 10. Give z(8).
6
Let m(v) = v + 4. Determine m(14).
18
Let r(v) = -93*v + 1. Determine r(1).
-92
Let x(f) = -22*f + 29. Calculate x(5).
-81
Let m(q) = -13*q + 257. Determine m(20).
-3
Let o(x) = -x**2 - 8*x + 1. Give o(-5).
16
Let p(o) = -8*o - 22. Calculate p(-10).
58
Let x(a) = a + 49. Calculate x(-19).
30
Let f(i) = -i**3 + 7*i**2 - 2*i + 2. Give f(7).
-12
Let t(r) = -2*r**2 + 12*r - 2. Determine t(5).
8
Let b(p) = 2*p**2 + 12*p - 12. Calculate b(-6).
-12
Let m(y) = y**3 + 24*y**2 - 2*y - 47. Calculate m(-24).
1
Let r(w) = 57*w + 31. Calculate r(0).
31
Let k(x) = -6*x + 11. Give k(11).
-55
Let c(a) = 11*a - 5. Determine c(-4).
-49
Let a(m) = -m**2 + 41*m + 91. What is a(43)?
5
Let d(u) = -7*u + 1. Determine d(5).
-34
Let m(r) = r**3 - 10*r**2 - 8*r - 13. What is m(12)?
179
Let s(g) = g**3 + 2*g**2 - 5*g - 4. Calculate s(-4).
-16
Let r(x) = -4*x**2 + 8*x. What is r(4)?
-32
Let j(h) = -2*h**2 - 29*h - 52. Calculate j(-2).
-2
Let q(w) = -w**3 + 9*w**2 - 13*w + 3. What is q(8)?
-37
Let a(q) = q - 11. Determine a(5).
-6
Let x(k) = -k**3 + 6*k**2 - 2*k + 11. Determine x(6).
-1
Let q(l) = -l**2 - 12*l - 27. Determine q(-8).
5
Let j(i) = -2*i**3 - 25*i**2 - 37*i - 37. Determine j(-11).
7
Let j(y) = -20*y + 217. Determine j(11).
-3
Let w(y) = 8*y**2 - 16*y + 1. Determine w(2).
1
Let h(s) = 2*s + 2. Calculate h(2).
6
Let f(l) = -l**2 - 2*l - 2. Give f(-4).
-10
Let m(j) = j**2 - 9*j - 115. Determine m(14).
-45
Let d(f) = f**3 - f**2 - 27*f - 10. What is d(-5)?
-25
Let l(n) = n**2 - 11*n + 10. What is l(4)?
-18
Let t(j) = j**3 + j**2 + j. Give t(-3).
-21
Let w(o) = -o**2 - 12*o - 33. Determine w(-10).
-13
Let w(d) = 6*d + 11. Give w(-4).
-13
Let w(h) = -h**3 + 12*h**2 + 11*h + 32. What is w(13)?
6
Let k(h) = h**2 - 2*h + 3. Calculate k(0).
3
Let p(o) = -o**2 - 15*o - 37. What is p(-8)?
19
Let f(n) = n**2 + 9*n - 4. Give f(-5).
-24
Let c(n) = -6*n**3 + 21*n**2 + 12*n - 2. Calculate c(4).
-2
Let g(z) = z**3 - 9*z**2 - 9*z - 3. Determine g(10).
7
Let v(d) = d**3 - 7*d**2 - 5*d + 10. Determine v(8).
34
Let p(o) = 10*o + 485. Give p(-49).
-5
Let i(g) = g**3 + 31*g**2 + 57*g - 23. Give i(-29).
6
Let c(n) = -2*n**3 - n**2 + 3*n + 4. Determine c(3).
-50
Let s(u) = u**3 + u**2 - u - 2. Give s(-2).
-4
Let a(m) = -21*m + 2. Determine a(1).
-19
Let t(s) = 2*s - 8. Determine t(-6).
-20
Let g(y) = 4*y - 12. Calculate g(-9).
-48
Let v(z) = 5*z + 35. Give v(-9).
-10
Let r(h) = 14*h - 124. Give r(7).
-26
Let i(g) = -3*g + 50. What is i(16)?
2
Let r(p) = p**2 + 19*p + 72. Calculate r(-6).
